-2)?
23
Let j(a) = a**2 - 70*a + 656. Give j(59).
7
Let v(s) = 2*s. Give v(1).
2
Let i(j) = -j**3 - 18*j**2 - 36*j + 30. What is i(-16)?
94
Let t(p) = -p. Determine t(0).
0
Let h(u) = -u + 14. Determine h(10).
4
Let o(x) = -x**3 - 19*x**2 + 23*x + 49. What is o(-20)?
-11
Let b(d) = d**2 + 15*d + 18. Calculate b(-15).
18
Let o(n) = 36*n - 180. What is o(5)?
0
Let k(i) = -2*i**3 + 4*i - 4. Determine k(1).
-2
Let t(y) = 6*y**3 + 3*y**2 - 3*y - 1. What is t(1)?
5
Let z(v) = 3*v + 70. Calculate z(-22).
4
Let q(p) = -p**3 + 6*p**2 - 2*p + 12. Determine q(6).
0
Let p(v) = v**3 + 6*v**2 + 11*v + 2. Give p(-3).
-4
Let f(o) = -o**2 + 27*o - 57. Determine f(24).
15
Let a(z) = 2*z**2 - 6*z - 4. Determine a(5).
16
Let c(o) = o**2 + 14*o + 49. What is c(-7)?
0
Let s(z) = z**3 + 15*z**2 - z - 20. Calculate s(-15).
-5
Let q(v) = -2*v**2 + 15*v - 14. What is q(7)?
-7
Let h(q) = -40*q - 225. Give h(-6).
15
Let n(j) = j**3 + 2*j - 15. Determine n(0).
-15
Let t(d) = -d**3 + 12*d**2 - 12*d - 10. What is t(11)?
-21
Let o(i) = 18*i**2 - 4*i - 3. What is o(-1)?
19
Let x(b) = 3*b**2 - 35*b - 17. Give x(12).
-5
Let c(b) = -b**2 - 13*b + 9. Give c(-12).
21
Let r(d) = d**3 + 10*d**2 - 26*d - 14. Calculate r(-12).
10
Let y(r) = r**3 + 10*r**2 + 13*r + 29. What is y(-9)?
-7
Let j(c) = c**3 + 5*c**2 + 2*c - 5. Calculate j(-4).
3
Let m(r) = r**2 + r + 8. Determine m(0).
8
Let g(b) = -2*b**2 + 9*b - 10. Give g(6).
-28
Let o(l) = 10*l**2 + 40*l + 3. Give o(-4).
3
Let i(n) = -5*n - 21. Determine i(-3).
-6
Let l(x) = x**3 + 10*x**2 + 2*x + 13. Give l(-10).
-7
Let n(c) = -c**2 - 6*c. What is n(-4)?
8
Let c(x) = -x**2 - 7*x - 6. What is c(-4)?
6
Let c(h) = -h**3 - 24*h**2 - 3*h - 14. Calculate c(-24).
58
Let k(x) = -x**2 - 9*x + 47. Determine k(-15).
-43
Let n(x) = -x**3 - 20*x**2 - 18*x + 16. Determine n(-19).
-3
Let f(x) = x**3 - 26*x**2 - 2*x + 39. Calculate f(26).
-13
Let v(h) = 9*h**2 - 827*h - 99. Give v(92).
-7
Let t(m) = m + 22. What is t(0)?
22
Let k(d) = -9*d + 23. Give k(12).
-85
Let d(t) = -t**2 - 7*t. Calculate d(-6).
6
Let f(n) = -176*n + 354. Give f(2).
2
Let f(a) = -a**3 + 5*a**2 + 6*a + 1. Give f(6).
1
Let l(i) = i**3 - 12*i**2 - 14*i + 9. What is l(13)?
-4
Let y(k) = 4*k + 8. Determine y(-4).
-8
Let q(r) = -r - 3. Calculate q(-10).
7
Let z(d) = -2*d + 13. Give z(11).
-9
Let p(n) = 28*n**2 + 167*n + 5. Give p(-6).
11
Let j(z) = z**2 + z - 11. What is j(-3)?
-5
Let l(k) = -k**2 - 6*k + 18. Calculate l(-8).
2
Let c(t) = -t**3 + 37. What is c(0)?
37
Let m(r) = r**2 - 18*r + 9. Calculate m(17).
-8
Let s(u) = -u**2 + 14*u + 53. What is s(-5)?
-42
Let g(u) = -u**3 - 5*u + 6. Give g(2).
-12
Let d(b) = b**3 - 14*b**2 + 4*b - 14. Determine d(14).
42
Let t(u) = 5*u**2 + u + 6. Give t(-3).
48
Let l(f) = -7*f + 22. Calculate l(5).
-13
Let d(j) = j**3 - 12*j**2 - 14*j + 5. Give d(13).
-8
Let r(p) = -4*p**2 - 77*p - 18. What is r(-19)?
1
Let v(o) = o**3 - 9*o**2 - 4*o - 5. What is v(9)?
-41
Let k(g) = 41*g**2 - 4*g + 11. What is k(2)?
167
Let u(z) = -z - 8. Calculate u(0).
-8
Let g(s) = s**3 - 7*s**2 - 3*s - 9. What is g(8)?
31
Let o(z) = -15*z - 105. Determine o(-7).
0
Let x(d) = -17*d - 6. What is x(-2)?
28
Let z(q) = -q**2 + 17*q + 3. What is z(16)?
19
Let q(k) = 38*k + 2. Determine q(0).
2
Let b(d) = -7*d**2 + 38*d - 4. What is b(5)?
11
Let r(z) = -17*z**2 - 17*z + 3. Give r(-3).
-99
Let i(n) = 97*n. Give i(1).
97
Let b(h) = -h**3 - 11*h**2 + 23*h - 42. What is b(-13)?
-3
Let m(l) = l - 7. Calculate m(8).
1
Let g(y) = y**2 - 15*y + 48. Determine g(12).
12
Let c(r) = r**2 + 11*r + 5. What is c(-10)?
-5
Let f(u) = u**3 + 8*u**2 + 8*u - 5. What is f(-7)?
-12
Let y(t) = -2*t**2 + 12*t - 1. What is y(0)?
-1
Let p(c) = -22*c + 27. What is p(5)?
-83
Let r(p) = 4*p + 18. Calculate r(-6).
-6
Let g(f) = 2*f**2 + 6*f - 44. What is g(-8)?
36
Let j(z) = -56*z - 112. Calculate j(-2).
0
Let v(g) = -g**3 + 5*g**2 + 7*g + 5. Determine v(6).
11
Let w(q) = q**3 + q**2 - q + 4. Give w(3).
37
Let r(q) = q + 6. Calculate r(6).
12
Let p(k) = -k**3 - 55*k**2 + 54*k - 123. Determine p(-56).
-11
Let j(n) = -n - 4. Give j(-6).
2
Let l(j) = 2*j + 2. Determine l(4).
10
Let a(x) = -x**2 - 21*x + 6. What is a(-14)?
104
Let f(k) = -k + 3. Calculate f(-4).
7
Let c(j) = j**2 + 9*j + 9. Determine c(-6).
-9
Let w(c) = -152*c + 156. Calculate w(1).
4
Let a(d) = 2*d - 8. Determine a(-3).
-14
Let c(x) = x**2 - 12*x + 1. What is c(12)?
1
Let j(x) = -x**3 - 9*x**2 - 5*x - 1. What is j(-8)?
-25
Let i(o) = o**2 - 10*o - 5. Calculate i(13).
34
Let l(i) = -2*i**2 - 4*i + 3. What is l(-4)?
-13
Let j(k) = -5*k + 6. Give j(2).
-4
Let i(h) = 6*h + 37. Determine i(6).
73
Let l(d) = -2*d**2 - 14*d + 26. Determine l(-9).
-10
Let h(k) = 2*k**3 - 4*k**2 + 2*k - 1. What is h(3)?
23
Let s(h) = -h**3 + 8*h**2 + 9*h + 7. Determine s(9).
7
Let s(p) = -p**2 - 5*p + 6. Determine s(-7).
-8
Let r(f) = -5*f**2 + 7*f + 14. Determine r(-4).
-94
Let z(j) = -2*j - 19. What is z(-4)?
-11
Let z(x) = x**2 + 11*x + 4. Determine z(-11).
4
Let l(k) = -74*k + 735. Determine l(10).
-5
Let r(p) = -p**2 + 4*p - 20. Give r(8).
-52
Let j(h) = 2*h**3 + 4*h**2 + 4. Calculate j(-3).
-14
Let g(i) = 3*i + 4. Determine g(5).
19
Let q(c) = c**3 - 2*c**2 + 3*c - 6. Give q(2).
0
Let d(u) = u**3 - 10*u**2 + 10*u - 14. Calculate d(8).
-62
Let l(k) = -4*k - 13. Give l(-7).
15
Let m(y) = -5*y + 2. What is m(5)?
-23
Let r(o) = o**3 - 9*o**2 + 7*o + 7. Calculate r(8).
-1
Let j(i) = -i**3 + 3*i**2 + 13*i - 7. Determine j(5).
8
Let k(r) = r**2 + 30*r - 12. Give k(-10).
-212
Let l(s) = 8*s**3 - s**2. Determine l(-1).
-9
Let p(o) = o**3 - 4*o**2 + 7*o - 6. Calculate p(4).
22
Let b(g) = 6*g**2 + 6*g + 8. Give b(-2).
20
Let m(g) = -2*g**2 + 7*g - 5. Calculate m(4).
-9
Let o(y) = -3*y**2 - 106*y - 22. What is o(-35)?
13
Let g(o) = -2*o + 2. Give g(5).
-8
Let l(v) = -9*v - 70. Determine l(-8).
2
Let t(y) = -2*y + 17. What is t(11)?
-5
Let w(r) = r**2 + 7*r + 1. Give w(-8).
9
Let t(x) = 6*x - 8. What is t(3)?
10
Let j(n) = n**3 - 9*n**2 + 7*n - 1. Determine j(8).
-9
Let j(o) = -5*o**2 + 5*o - 3. What is j(2)?
-13
Let v(h) = 16*h - 48. Determine v(7).
64
Let h(n) = 6*n + 87. Calculate h(-16).
-9
Let k(h) = -9*h**2 + 5*h - 6. Give k(3).
-72
Let c(s) = -2*s + 7. Give c(17).
-27
Let q(t) = -22*t - 74. Calculate q(-3).
-8
Let b(n) = -n**3 + 7*n**2 + 10*n - 19. Give b(7).
51
Let l(m) = m**2 - 12*m - 8. Calculate l(13).
5
Let p(u) = u**3 + 22*u**2 + 20*u - 12. What is p(-21)?
9
Let k(n) = 27*n - 56. What is k(2)?
-2
Let d(u) = 2*u - 4. What is d(-2)?
-8
Let u(m) = -9*m + 16. Calculate u(5).
-29
Let g(p) = -p + 18. Give g(12).
6
Let w(z) = -z**2 + 6*z + 43. Calculate w(6).
43
Let x(k) = -47*k - 406. Calculate x(-9).
17
Let y(a) = a**3 + 23*a**2 - a - 10. Give y(-23).
13
Let a(d) = -3*d**2 - d - 1. Give a(-4).
-45
Let g(y) = 9*y + 5. Give g(4).
41
Let k(n) = -4*n**2 - 5*n. Determine k(-3).
-21
Let c(a) = 2*a + 46. Determine c(-19).
8
Let m(l) = 22*l - 34. Determine m(6).
98
Let n(b) = 2*b**2 - b + 1. Give n(-4).
37
Let s(k) = -20*k - 390. What is s(-19)?
-10
Let y(z) = z**3 + 14*z**2 - 13*z + 6. What is y(-15)?
-24
Let j(u) = u**3 + 47*u**2 + 48*u + 98. Determine j(-46).
6
Let f(k) = -2*k + 10. Determine f(-4).
18
Let y(a) = -3*a**2 - 5*a + 3. What is y(-4)?
-25
Let b(y) = -y - 6. Calculate b(-13).
7
Let a(p) = -3*p - 40. Calculate a(-16).
8
Let i(x) = 3*x**2 - 24*x + 34. Calculate i(6).
-2
Let g(y) = -y**2 - 1. Give g(5).
-26
Let u(q) = -9*q**2 + 368*q + 40. What is u(41)?
-1
Let j(n) = 2*n**3 + 22*n**2 + 17*n - 23. Give j(-10).
7
Let k(d) = -d**2 + 13*d + 1. Determine k(13).
1
Let o(w) = -w**2 + 17*w + 139. Calculate o(-6).
1
Let v(d) = -d**2 + 12*d + 8. Calculate v(18).
-100
Let b(u) = u + 15. Calculate b(-5).
10
Let t(w) = -22*w + 1770. Determine t(80).
10
Let q(j) = -5*j - 42. Determine q(-6).
-12
Let f(x) = 2*x**3 - 5*x - 4. What is f(-2)?
-10
Let d(v) = -10*v**3 + 2*v**2 + 2*v. Give d(2).
-68
Let m(f) = f**2 - 17*f + 1. Calculate m(17).
1
Let r(j) = 2*j - 3. What is r(-3)?
-9
Let p(r) = 2*r**2 + 10*r - 69. Determine p(7).
99
Let o(v) = 7*v**2 - 12*v + 5. Determine o(3).
32
Let i(h) = -h**3 + 4*h**2 + 16*h - 21. Determine i(6).
3
Let d(i) = 15*i + 263. What is d(-17)?
8
Let d(r) = 3*r + 57. Calculate d(-22).
-9
Let q(c) = -7*c**3 - c**2 - c - 1. Determine q(-1).
6
Let k(n) 